et y be f(-1). Let b = y + k. What is the units digit of b?
1
Suppose -4*w + 60 = 4*y, 2*w + w = -2*y + 48. Suppose -4*c + 35 = -5*a - w, 0 = -3*a - 3. What is the units digit of c?
2
Let c = 0 + 3. Suppose -5*i = -2*i - 3, -c*n + i + 32 = 0. What is the units digit of n?
1
Let r(v) = 7*v - 5. Let a be r(4). Suppose -4*n + 17 + a = 0. What is the units digit of n?
0
Suppose 27 = -4*p + 71. What is the tens digit of p - -3*2/(-6)?
1
Suppose -3*j + 4*r = -295, -3*j - 4*r = -2*j - 93. What is the tens digit of j?
9
Let w be (2 - 2)/(-1 + 2). Suppose -f = 2*f + 12, w = -5*h + 4*f + 41. Let x = 2 + h. What is the units digit of x?
7
Let y(v) = 1 + 3*v**3 + 6*v**2 + 3*v**3 - 5*v**3 + 3*v. Let p be (4/10)/1*-5. What is the units digit of y(p)?
1
Let q = 14 + -20. Let f(k) = -k + 4. Let z be f(q). Suppose -2*p + z = -6. What is the units digit of p?
8
Let f(q) = -q**3 + q**2 + 197. What is the tens digit of f(0)?
9
Let y = 27 + 8. What is the units digit of y?
5
Let o = 9 + -3. Let t = 48 - o. What is the units digit of t?
2
Let n(x) = -x**2 - 5*x + 1. Let z be n(-5). What is the units digit of ((-1)/(-2))/(z/2)?
1
Let l = 28 + -16. What is the tens digit of l?
1
Let c(n) = n**3 + 3*n**2 - 4*n + 4. What is the units digit of c(-4)?
4
Let h = -1 + -2. Let t = 5 + h. Suppose -2*x - t*w = -0*x - 2, -x = -2*w - 4. What is the units digit of x?
2
Let d = 335 - 227. What is the hundreds digit of d?
1
Let o = 12 - 12. Suppose o = 5*p + 20, 3*v - v + 2*p = 30. What is the tens digit of v?
1
Let l be 76/20 + (-1)/(-5). Let i be (-2 - (-2 + l))*-1. Suppose 13 = 2*t + t - 2*q, q = i*t - 19. What is the units digit of t?
5
Let t(c) = c**3 - 6*c**2 + 12*c + 3. What is the tens digit of t(6)?
7
What is the units digit of 142*((-18)/(-4) + -4)?
1
Let i(s) = 3*s**2 + 8*s - 3. What is the hundreds digit of i(-11)?
2
Let p be -12 + 1/((-1)/3). Let o = 24 + p. Let x = 22 - o. What is the units digit of x?
3
Let t = -5 + 5. Let g(v) = -v**3 - v**2 - v + 19. What is the tens digit of g(t)?
1
What is the tens digit of 172 - 3*8/(-12)?
7
Suppose 4*s - 2 = 6. Suppose s*m + 4*u = 0, 3*u + 26 = 3*m + 2*m. Suppose 0*n - 56 = -m*n. What is the units digit of n?
4
Let w = -5 + 27. What is the tens digit of w?
2
What is the units digit of 1/4 + 975/52?
9
Let p(m) = m**3 + 7*m**2 + 5*m - 5. Let s(k) be the first derivative of -k**4/4 + 5*k**3/3 - 5*k**2/2 - 2*k - 2. Let h be s(4). What is the units digit of p(h)?
1
Let w(q) = 14*q - 1. Let t(o) = o - 1. Let g be t(5). Let m = g - 3. What is the units digit of w(m)?
3
Suppose -5*g - 1 + 16 = 0. Suppose -g*h - k + 3*k + 121 = 0, 4*k - 17 = -h. What is the units digit of h?
7
Let z(f) = 15*f**3 + f**2 + f - 1. Let l(d) = -2*d**3 - d**2 - d - 1. Let p be l(-1). What is the tens digit of z(p)?
1
Suppose 60 = v + 3*v. What is the tens digit of v?
1
Suppose 0 = -k - 5*g + 74, 4*g = 2*k + k - 203. Suppose 0*f - f = -2*r - 15, -k = -4*f - r. What is the units digit of f?
7
Suppose 477 = 5*x - 128. What is the units digit of x?
1
Let b be 7/((-14)/4)*-2. Suppose b*j = j + 12. What is the units digit of j?
4
What is the tens digit of 33 + (-6)/(-1) + -3?
3
Let i = 59 + -40. What is the tens digit of i?
1
What is the hundreds digit of (-626)/(-6) + (-5)/(-45)*6?
1
Let o = 5 + -3. Let d be (-5)/(o/(-1) - -1). Suppose d*k - 13 - 17 = 0. What is the units digit of k?
6
Suppose k - 4*s + 6 = 0, 3*k + 62 = s - 0*s. Let x be 930/(-33) + (-4)/k. Let l = x - -43. What is the tens digit of l?
1
Let o(v) be the third derivative of -v**5/60 + v**4/12 + 7*v**3/6 + 3*v**2. Let h be o(5). Let u = h + 15. What is the units digit of u?
7
Let c = -6 - -9. Suppose -g + c*g - 46 = 0. Suppose 0 = 5*j - g - 52. What is the tens digit of j?
1
Let q(h) = 3*h**2 - 9*h - 7. What is the tens digit of q(6)?
4
Let c = 53 + -35. Let m = 36 - c. What is the units digit of m?
8
Let p(g) = g - 3. Let u(a) = -5*a + 15. Let v(d) = -11*p(d) - 2*u(d). Let l be v(0). Suppose -l*r + 5 + 10 = 0. What is the units digit of r?
5
Suppose 3*a = 5*f - 428, 2*f + 2*a = 238 - 54. What is the tens digit of f?
8
Let z = 39 - 16. What is the units digit of z?
3
Let g(c) = c**3 + 6*c**2 + 4*c. Let h = 65 + -42. Suppose 3*b - s + 29 = -5*s, 0 = b + 4*s + h. What is the tens digit of g(b)?
1
Let a(k) = -k**2 + 8*k - 8. Let q be a(5). Suppose -5*m = -25, -y + 55 - q = -2*m. What is the units digit of y?
8
What is the units digit of (5 - (-19)/2)/((-2)/(-12))?
7
Let j(z) = 32*z**2 - 5*z + 2. What is the units digit of j(2)?
0
Let c(f) = -2*f + 1. Let x be c(5). Let k(i) = -i - 4*i**3 - 2*i**3 - 9*i**2 + 5*i**3 + 2*i + 11. What is the units digit of k(x)?
2
Let b(x) = 3*x - 1. Let r be b(5). Let y = -30 + r. Let u = 23 + y. What is the units digit of u?
7
Suppose -s - 7 = -3*y + 5, -5*y = -5*s - 20. Suppose -m - y*m = -45. What is the units digit of m?
9
Suppose -6*l = -8*l + 22. What is the units digit of l?
1
Suppose -21*n + 1570 = -16*n. What is the hundreds digit of n?
3
Let f be ((-16)/(-20))/(4/50). Suppose -l - 4*l = -f. Suppose l*k = -0*k + 10. What is the units digit of k?
5
Suppose -1640 = -16*r + 6*r. What is the hundreds digit of r?
1
Let q be -3*(-2)/(-6) + 22. What is the units digit of (-1 - -5)/(2/q)?
2
Suppose -b = -k + 2, 0*b = 3*b - k. Suppose -n + 3*p = 4, -4*p - b = -n - 7. What is the units digit of 10 - (1 + (n - 3))?
0
Suppose -3*m = -6*m + 201. What is the tens digit of m?
6
Let x(h) be the third derivative of h**7/5040 + 7*h**6/240 + h**5/12 - 5*h**2. Let a(d) be the third derivative of x(d). What is the tens digit of a(0)?
2
Let z(k) = k**3 + k. Let s(m) = 4*m**3 + 5*m**2 + m - 5. Let a(j) = -s(j) + 5*z(j). What is the units digit of a(4)?
5
Suppose -5*m + 119 + 141 = 0. What is the tens digit of m?
5
Suppose -r = -0*r - 3, x - r + 16 = 0. Let d = x - -5. Let k(p) = -p + 11. What is the units digit of k(d)?
9
Let b be (-1 - 0)/(0 + -1). Suppose -w + 10 = -b. What is the tens digit of w?
1
Suppose -65 = -i + b, 0 = -4*i + b - 2*b + 250. What is the units digit of i?
3
Let b(s) = -2*s**2 + s + 2. Let w be b(5). Let z = -1 - w. Suppose 0 = -i - 5*n - 17, -14 = 4*i - 4*n - z. What is the units digit of i?
3
Suppose -5*v = -5*r + 25, 2*r - v - 20 = -2*r. Suppose -z = -k + r, 4*k = 4*z + k + 18. Let j = 4 - z. What is the units digit of j?
7
Let o(r) = 4*r**3 + 9*r**2 - 10*r - 12. Let z(p) = 5*p**3 + 8*p**2 - 9*p - 11. Let g(x) = -4*o(x) + 3*z(x). What is the tens digit of g(-13)?
1
Let a(q) = q**2 + 2*q + 4. Let r(u) = -u + 2. Let h be r(9). What is the tens digit of a(h)?
3
Let y = -2 - -6. Suppose -y*i = -68 - 52. What is the units digit of i?
0
Suppose 8*z - 30 = 5*z. What is the units digit of z?
0
Suppose 4*d = -d + b + 320, 270 = 4*d + 2*b. What is the units digit of d?
5
Let v(c) = 2*c**2 + 4*c. Suppose 19 = -2*j - 2*d - 3*d, 30 = -4*j - 2*d. Let i be v(j). Suppose q - 6*q = -i. What is the tens digit of q?
1
What is the units digit of (-1)/(-2) + -123*3/(-6)?
2
Suppose -2*o = -10, -2*d + 66 + 85 = o. Suppose 4*s + 4*b - d = -17, s - 4*b = 9. What is the tens digit of s?
1
Let j = 50 - 26. Suppose j + 16 = 5*n. What is the units digit of n?
8
What is the units digit of (9 + 58)*(0 - -1)?
7
Suppose 2*d - 288 = -0*d - 5*w, -2*d = -4*w - 270. What is the tens digit of d?
3
What is the tens digit of 4*51/6 - -4?
3
Let t be 15/(-20) - (-5)/(-4). What is the units digit of t/(0 + 6/(-33))?
1
Suppose 4*h - h = -15. Let r = 7 - h. What is the units digit of r?
2
Let u(y) = -y - 5. Let d be ((-10)/(-25))/((-1)/(-5)). Suppose 0 = -3*j + 5*f + 2, -d*f + f = 3*j + 22. What is the units digit of u(j)?
1
Let r = -13 + 19. What is the units digit of r?
6
What is the units digit of 2874/10 + 87/145?
8
Suppose -25*z + 4605 = 655. What is the tens digit of z?
5
Suppose 0 = 4*x - 268 - 24. What is the tens digit of x?
7
Let g(l) = 11*l**2 - 21*l + 25. Let p(s) = -5*s**2 + 10*s - 12. Let o(q) = -6*g(q) - 13*p(q). Let n be o(-5). Let j = 9 + n. What is the units digit of j?
0
Let m(v) = v + 107. What is the hundreds digit of m(0)?
1
Let l(u) = -5 + 11 - 3*u + 2*u + 6. Let d be l(10). What is the units digit of d/(-3) - 50/(-3)?
6
Suppose 5*d + 40 - 5 = 0. What is the units digit of 0 - (0 - -2) - d?
5
Let l = 5 + 7. Let s = -8 + l. What is the tens digit of (17/2)/(2/s)?
1
What is the